of 52206.
2, 3, 7, 11, 113
What are the prime factors of 99889?
23, 43, 101
List the prime factors of 46683.
3, 7, 13, 19
What are the prime factors of 3410?
2, 5, 11, 31
List the prime factors of 13641.
3, 4547
List the prime factors of 46958.
2, 53, 443
List the prime factors of 20138.
2, 10069
What are the prime factors of 1647?
3, 61
What are the prime factors of 1569?
3, 523
List the prime factors of 1370.
2, 5, 137
List the prime factors of 2937.
3, 11, 89
What are the prime factors of 2886?
2, 3, 13, 37
List the prime factors of 28443.
3, 19, 499
What are the prime factors of 13652?
2, 3413
List the prime factors of 1373.
1373
What are the prime factors of 2409?
3, 11, 73
What are the prime factors of 18466?
2, 7, 1319
What are the prime factors of 44219?
7, 6317
What are the prime factors of 122735?
5, 24547
List the prime factors of 6589.
11, 599
What are the prime factors of 83697?
3, 23, 1213
List the prime factors of 1197.
3, 7, 19
What are the prime factors of 253?
11, 23
List the prime factors of 725.
5, 29
What are the prime factors of 25123?
7, 37, 97
List the prime factors of 4091.
4091
What are the prime factors of 37167?
3, 13, 953
List the prime factors of 44654.
2, 83, 269
List the prime factors of 147.
3, 7
List the prime factors of 900.
2, 3, 5
List the prime factors of 1249.
1249
List the prime factors of 1399.
1399
List the prime factors of 6368.
2, 199
List the prime factors of 1412.
2, 353
List the prime factors of 1324.
2, 331
What are the prime factors of 6574?
2, 19, 173
List the prime factors of 1361.
1361
What are the prime factors of 3373?
3373
What are the prime factors of 55618?
2, 27809
What are the prime factors of 4764?
2, 3, 397
List the prime factors of 54300.
2, 3, 5, 181
List the prime factors of 1564.
2, 17, 23
What are the prime factors of 16955?
5, 3391
What are the prime factors of 2141?
2141
List the prime factors of 2283.
3, 761
List the prime factors of 3396.
2, 3, 283
List the prime factors of 1730.
2, 5, 173
What are the prime factors of 395?
5, 79
What are the prime factors of 9061?
13, 17, 41
What are the prime factors of 1471?
1471
List the prime factors of 22868.
2, 5717
List the prime factors of 287.
7, 41
What are the prime factors of 831?
3, 277
List the prime factors of 5894.
2, 7, 421
List the prime factors of 7606.
2, 3803
What are the prime factors of 47207?
47207
What are the prime factors of 5382?
2, 3, 13, 23
List the prime factors of 16789.
103, 163
What are the prime factors of 668?
2, 167
List the prime factors of 8645.
5, 7, 13, 19
List the prime factors of 10391.
10391
What are the prime factors of 1116?
2, 3, 31
What are the prime factors of 63?
3, 7
List the prime factors of 3624.
2, 3, 151
List the prime factors of 39799.
39799
List the prime factors of 22906.
2, 13, 881
What are the prime factors of 780?
2, 3, 5, 13
What are the prime factors of 53398?
2, 26699
List the prime factors of 171.
3, 19
What are the prime factors of 4011?
3, 7, 191
List the prime factors of 4530.
2, 3, 5, 151
List the prime factors of 3895.
5, 19, 41
List the prime factors of 1731.
3, 577
What are the prime factors of 4857?
3, 1619
List the prime factors of 1935.
3, 5, 43
List the prime factors of 6438.
2, 3, 29, 37
What are the prime factors of 163?
163
List the prime factors of 124948.
2, 31237
What are the prime factors of 243?
3
What are the prime factors of 55131?
3, 17, 23, 47
List the prime factors of 9741.
3, 17, 191
List the prime factors of 66346.
2, 7, 677
List the prime factors of 14013.
3, 173
List the prime factors of 287.
7, 41
List the prime factors of 1240.
2, 5, 31
What are the prime factors of 342?
2, 3, 19
What are the prime factors of 7068?
2, 3, 19, 31
What are the prime factors of 1994?
2, 997
What are the prime factors of 45569?
45569
What are the prime factors of 1903?
11, 173
What are the prime factors of 2046?
2, 3, 11, 31
List the prime factors of 1263.
3, 421
What are the prime factors of 3116?
2, 19, 41
What are the prime factors of 1886?
2, 23, 41
What are the prime factors of 3759?
3, 7, 179
What are the prime factors of 76?
2, 19
List the prime factors of 1679.
23, 73
What are the prime factors of 7733?
11, 19, 37
What are the prime factors of 104?
2, 13
What are the prime factors of 662?
2, 331
What are the prime factors of 1275?
3, 5, 17
List the prime factors of 408.
2, 3, 17
List the prime factors of 1540.
2, 5, 7, 11
What are the prime factors of 4623?
3, 23, 67
List the prime factors of 81953.
81953
What are the prime factors of 4429?
43, 103
List the prime factors of 18234.
2, 3, 1013
List the prime factors of 40880.
2, 5, 7, 73
What are the prime factors of 34860?
2, 3, 5, 7, 83
What are the prime factors of 14527?
73, 199
What are the prime factors of 1810?
2, 5, 181
List the prime factors of 7.
7
List the prime factors of 21097.
17, 73
What are the prime factors of 745?
5, 149
What are the prime factors of 3266?
2, 23, 71
What are the prime factors of 2283?
3, 761
What are the prime factors of 40065?
3, 5, 2671
List the prime factors of 1640.
2, 5, 41
List the prime factors of 16005.
3, 5, 11, 97
List the prime factors of 298.
2, 149
List the prime factors of 205.
5, 41
What are the prime factors of 4268?
2, 11, 97
What are the prime factors of 4809?
3, 7, 229
What are the prime factors of 25596?
2, 3, 79
List the prime factors of 374.
2, 11, 17
List the prime factors of 79428.
2, 3, 6619
List the prime factors of 29901.
3, 9967
What are the prime factors of 15611?
67, 233
What are the prime factors of 822?
2, 3, 137
List the prime factors of 58096.
2, 3631
List the prime factors of 3403.
41, 83
What are the prime factors of 3036?
2, 3, 11, 23
List the prime factors of 638.
2, 11, 29
What are the prime factors of 10757?
31, 347
What are the prime factors of 1629?
3, 181
List the prime factors of 883.
883
List the prime factors of 654.
2, 3, 109
What are the prime factors of 8881?
83, 107
What are the prime factors of 1836?
2, 3, 17
What are the prime factors of 415?
5, 83
List the prime factors of 50046.
2, 3, 19, 439
What are the prime factors of 18252?
2, 3, 13
List the prime factors of 1129.
1129
List the prime factors of 552.
2, 3, 23
What are the prime factors of 71047?
23, 3089
What are the prime factors of 735?
3, 5, 7
List the prime factors of 579.
3, 193
What are the prime factors of 41649?
3, 13883
What are the prime factors of 10628?
2, 2657
List the prime factors of 10109.
11, 919
What are the prime factors of 128056?
2, 16007
What are the prime factors of 1921?
17, 113
List the prime factors of 5417.
5417
List the prime factors of 878.
2, 439
List the prime factors of 7083.
3, 787
List the prime factors of 1288.
2, 7, 23
List the prime factors of 12276.
2, 3, 11, 31
What are the prime factors of 17377?
17377
List the prime factors of 1122.
2, 3, 11, 17
List the prime factors of 247.
13, 19
What are the prime factors of 33587?
33587
List the prime factors of 107541.
3, 7, 569
List the prime factors of 78057.
3, 7, 59
List the prime factors of 8316.
2, 3, 7, 11
List the prime factors of 348.
2, 3, 29
What are the prime factors of 569?
569
What are the prime factors of 4964?
2, 17, 73
List the prime factors of 73468.
2, 18367
List the prime factors of 709.
709
What are the prime factors of 37020?
2, 3, 5, 617
What are the prime factors of 60211?
19, 3169
What are the prime factors of 15168?
2, 3, 79
List the prime factors of 3767.
3767
What are the prime factors of 122805?
3, 5, 2729
List the prime factors of 3969.
3, 7
List the prime factors of 56683.
11, 5153
List the prime factors of 125043.
3, 41681
List the prime factors of 1283.
1283
List the prime factors of 47837.
47837
What are the prime factors of 23739?
3, 41, 193
What are the prime factors of 29103?
3, 89, 109
What are the prime factors of 21741?
3, 7247
List the prime factors of 4026.
2, 3, 11, 61
List the prime factors of 7731.
3, 859
List the prime factors of 26575.
5, 1063
List the prime factors of 15240.
2, 3, 5, 127
List the prime factors of 522.
2, 3, 29
What are the prime factors of 17548?
2, 41, 107
List the prime factors of 50578.
2, 11, 19
List the prime factors of 1185.
3, 5, 79
What are the prime factors of 1937?
13, 149
What are the prime factors of 135?
3, 5
L